*2 + y**2 - 4*y**2 - 7*y + 5. What is the tens digit of p(10)?
3
Suppose -r - 2280 = -7*q + 4*q, -q - 2*r = -760. What is the units digit of q?
0
Suppose 87*z + 7157 = 92*z + 2*c, 5*z = 3*c + 7152. What is the hundreds digit of z?
4
Let n = 5758 + -2737. What is the tens digit of n?
2
Let r(q) = -196*q**3 + 3*q**2 + 9*q + 11. What is the thousands digit of r(-2)?
1
Suppose 3*k + 0*n - 10 = n, n = 2*k - 7. What is the units digit of 340/4 - ((-2)/(-1) - k)?
6
Let f = -8615 - -5024. What is the hundreds digit of 14/(-35) + f/(-15) + -3?
2
Suppose 0 = b - 3 - 3. Let d be (3/b)/((-6)/(-24)). What is the tens digit of 1688/88 - d/11?
1
Let h = 62 + -37. Let y = -19 + h. Suppose -3*o + y*o = 78. What is the tens digit of o?
2
Let l(h) = h**2 + 5*h - 19. Let i be l(-8). Suppose -3*p + 12 = 0, i*m + 2*p - 893 = -0*m. What is the tens digit of m?
7
Suppose 0 = 3*w - 0*w - 45. Let d = 76 + -78. What is the units digit of ((-5)/w)/(d/96)?
6
Suppose 4*j - 98 = 5*a - 28, -2*j + a + 32 = 0. Suppose j*g - 10*g = 460. What is the tens digit of g?
9
Let t = 0 - 1. Let v be t/((0 - -2)/(-68)). Suppose -m = -d - 19, -4*m + v = -2*m - 3*d. What is the units digit of m?
3
Let q(b) be the second derivative of -b**5/10 - 7*b**4/12 + b**3/3 + 5*b**2/2 - 17*b. What is the hundreds digit of q(-6)?
1
Let o(a) = 4*a - 29. Let t be o(14). Suppose -p - w = 1 - t, -101 = -4*p - 3*w. What is the tens digit of p?
2
Suppose 0 = -7*m + 3*m + 512. Let u = -72 + m. What is the units digit of u?
6
Suppose 16*f + 540 = 3452. What is the tens digit of f?
8
Let l(x) = -3*x**3 + 4*x**2 - 3*x + 2. Let m be l(2). Suppose 5*d = 4*d - 10. Let o = d - m. What is the units digit of o?
2
Let h(d) = 13*d**3 + 6*d**3 + 0*d**3 + 1 + d - 32*d**3. Let z(o) = -o**2 + 2*o - 1. Let j be z(2). What is the units digit of h(j)?
3
Suppose 7*z - 6391 = -1596. What is the units digit of z?
5
Suppose 0 = -37*h + 38*h + 42. Let f = -11 - h. What is the units digit of f?
1
Suppose f = -3*f + 16. Let o(g) = -g**3 - 7*g**2 + 9*g + 8. Let t be o(-8). Suppose t = 7*q - f*q - 135. What is the tens digit of q?
4
Let a be 0 + (4 - (-1 - -148)). Let j = 240 + a. What is the tens digit of j?
9
Let j be 92/22 - 20/110. Suppose -j*v + 496 = 3*g, 2*v + 5 = v. What is the hundreds digit of g?
1
Suppose -q = -5*z + 34, -4*z + 5*q = -0*q - 44. Suppose z*m - 232 = m + f, 5*f + 148 = 3*m. What is the units digit of m?
6
Suppose -668 = -2*r + 6*n - 10*n, 4*r - 1296 = 2*n. What is the hundreds digit of r?
3
Suppose -3*x = -12, 3*b + x - 2 = 14. What is the units digit of b*-1 + 915/5?
9
Let r = 20 + -17. Suppose 44 = 4*k - r*k. What is the units digit of k?
4
Let p(z) = -z**3 + 8*z**2 + 9*z - 2. Let f be p(9). Let a(c) = 11*c**2 - 2*c - 3. Let h be a(f). Let k = 106 - h. What is the units digit of k?
1
Let m(i) be the first derivative of 3*i**2 + 6*i + 22. What is the units digit of m(8)?
4
Suppose -7*p + 2355 = -4*p. What is the hundreds digit of p?
7
Suppose -4*l + z - 1 = -5*l, -5*z - 15 = 0. Suppose l*j = 5*j + g, -4*j - g = -6. What is the units digit of j?
2
Let h(v) = v**3 - 3*v**2 - 2*v - 6. Let o be h(4). Suppose 2*z = o*n + 500, 2*z - 3*n = -3*z + 1258. What is the tens digit of z?
5
Suppose -5*x = 4*w + 43, -3*w + w - 23 = x. What is the tens digit of w/(-18) + 784/12?
6
Let f(c) = c - 5. Let n be f(5). Suppose -z + 4 = 0, 2*g + 2*z + n*z = 146. What is the tens digit of g?
6
Let u be (-3)/1 - (-3 + -4). Let j be (-32 - -3 - u) + 3. Let k = -22 - j. What is the units digit of k?
8
Let y(o) = -11*o + 358. Let c be y(33). Let f(h) be the third derivative of h**5/60 + h**4/6 - h**2. What is the units digit of f(c)?
5
Let u(s) = s**3 - 12*s**2 + 11*s + 13. Let k be u(11). Let w = k + -19. What is the units digit of 355/15 + (-2)/w?
4
Let c = 0 + 2. Let f(x) = 32*x - 1. What is the tens digit of f(c)?
6
Suppose 0 = -5*m + 2*h - 69, -2*m - 15 = 2*h - 7*h. Let y = 176 + m. What is the tens digit of y?
6
Suppose 0 = -5*x - 0*x. Suppose 149 = 3*c + 5*b, -c + x*c - 4*b = -38. Suppose 16 = -3*a + c. What is the tens digit of a?
1
Let u = 229 - 47. Let v = u - 128. Suppose 5*x = -14 + v. What is the units digit of x?
8
Suppose -2*j + 112 = 4*h, 174 = 13*j - 10*j + 4*h. What is the units digit of j?
2
Let o = -3 - -5. Let s(b) = -2*b - 16. Let u be s(0). What is the units digit of o*2/(u/(-36))?
9
Let l(c) = -72*c + 1. What is the hundreds digit of l(-11)?
7
Suppose 26095 + 2238 = 29*v. What is the units digit of v?
7
Let l = -39 + 9. Let b be ((-3)/6)/(5/l). Suppose 244 = -b*o + 7*o. What is the units digit of o?
1
Let m(y) = 2*y - 32. Let b be m(16). Suppose -z + 64 = -b*z - 2*k, -5*k = -5*z + 310. What is the tens digit of z?
6
Let f = -17 - -23. Suppose f*g = 464 - 62. What is the tens digit of g?
6
Suppose -3*v = -v - 88. Suppose -4*p - 59 = 3*g, 4*g - p - 3*p = -116. Let d = v + g. What is the units digit of d?
9
Let l = 171 + -60. Suppose 407 + l = 4*j - 2*t, -3*j + 396 = t. What is the tens digit of j?
3
Let t = -988 + 2081. What is the units digit of t?
3
Let m be ((-577)/2 - 3/6) + 1. Let n = m + 505. What is the hundreds digit of n?
2
Let v = 262 - -35. What is the hundreds digit of v?
2
Let h(n) = n**3 - 7*n**2 + n - 5. Let f be h(7). Suppose f*o - 1568 = -6*o. What is the hundreds digit of o?
1
Suppose -5*g + 3*v + 8002 = 0, 5*v + 7974 = 5*g + 9*v. What is the tens digit of g?
9
Let v(k) = -26*k**3 + 11*k**2 + 10*k - 5. What is the units digit of v(-5)?
0
Let n be 1*(-2 + -3 - -5). What is the units digit of 46 + 2 - n/(-5)?
8
Suppose w = -5 + 7. What is the units digit of (1 - 2/w) + 18?
8
Suppose 38*v = 43*v + 20, 0 = -2*c + 2*v + 2898. What is the thousands digit of c?
1
Let g = 50 - 13. Suppose 0 = -2*s - 2*x + 34, g = s - 5*x + 2*x. What is the tens digit of s?
2
Suppose 44*g = 31*g + 16887. What is the units digit of g?
9
Let l be (-1)/(4/4) + 3 - -428. Suppose 6*g = g + d + 173, -4*g = 3*d - 127. Suppose -6*y - g = -l. What is the units digit of y?
6
Suppose 0*n = 3*n. Let m be (1*18)/(2 + n). Let b = 16 - m. What is the units digit of b?
7
Let a = -38 - -78. Suppose -2*t - 4*d + a = 0, d - 12 = 4*d. What is the tens digit of t?
2
Suppose 3*m + 2*m + 2 = -4*a, -4 = 2*m. Suppose -50 = -a*g + 26. Suppose -3*j - 5*q + 4*q = -g, 2*q - 21 = -j. What is the units digit of j?
1
Let m(r) = -r**3 - 7*r**2 + 6*r - 1. Suppose 0*w - 4*w - 89 = -5*p, 3*w + 62 = -p. Let l = 13 + w. What is the units digit of m(l)?
5
Let f be (-140)/(-8)*(-20)/(-25). What is the tens digit of (2 + f)/1*2?
3
Let h = 6255 - 3318. What is the units digit of h?
7
Let n = 1614 - 748. What is the hundreds digit of n?
8
Suppose 5*r + 17 + 28 = -3*w, 0 = 2*w + 2*r + 26. Let j = -8 - w. Suppose -s = 5*u - 5, -u + 2*u + 8 = -j*s. What is the units digit of u?
2
Suppose s + 5 = d - 11, 0 = -4*d - 2*s + 88. Suppose r - 5 = -0, -d = -3*x - 4*r. Suppose x*t = t - 2. What is the units digit of t?
2
Let f = -61 - -75. Let z = f + 55. What is the units digit of z?
9
Let n = 2 + 6. Suppose -u - n = 5*r - 0, -4*u + 2*r + 78 = 0. What is the tens digit of u?
1
Let i = 557 + 752. What is the tens digit of i?
0
Suppose 0*q = -2*q - 2. Let m be q/((-37)/12 + 3). Let u = 32 - m. What is the units digit of u?
0
Suppose -357*p = -359*p + 9184. What is the hundreds digit of p?
5
Let h(g) = 1 - 2 + 4 - 5 + 2*g. What is the units digit of h(11)?
0
Let h(j) = j**3 - 3*j**2 - 3*j. Let s be h(4). Suppose -5*g - 5*o + 15 = 0, 0 = s*g + 3*o - 9 - 2. Suppose -g*f = -3 - 41. What is the tens digit of f?
2
Let y = 12 + -13. Let k be y*(4 + (-15 - -2)). What is the units digit of (-142)/(-8) + k/(-12)?
7
Let y(c) = c**3 - 8*c**2 - c + 19. Let w be y(8). Suppose 0 = -w*k + 6*k + 160. What is the tens digit of k?
3
Let l(c) be the first derivative of c**3/3 + 7*c**2/2 + 2*c - 8. Let j = 17 - 24. What is the units digit of l(j)?
2
Suppose 0 = 2*m - 9*m - 42. Let b be -2*(1 + (-22)/4). Let l = b + m. What is the units digit of l?
3
Let f = 98 - 100. What is the tens digit of (-100 + f)*(5 + 75/(-10))?
5
Let y(k) be the third derivative of -k**5/60 - k**4/3 - k**3/6 + 4*k**2. Let q be y(-6). Suppose q = 4*m + 2*a - 11, 3 = a. What is the units digit of m?
4
Suppose 47*z - 34798 = 4588. What is the tens digit of z?
3
Let g(a) = 3*a - 30. Let w be g(13). Let m = -5 + 10. Suppose 